285178487?
7
What is the hundred millions digit of 306238340?
3
What is the ten millions digit of 32019459?
3
What is the hundreds digit of 16205820?
8
What is the units digit of 213183271?
1
What is the tens digit of 403452778?
7
What is the hundred thousands digit of 203678297?
6
What is the millions digit of 37333791?
7
What is the hundred thousands digit of 30059131?
0
What is the ten millions digit of 1508233355?
0
What is the units digit of 265796269?
9
What is the units digit of 1865915863?
3
What is the hundred millions digit of 1442141377?
4
What is the hundred thousands digit of 21767146?
7
What is the tens digit of 67665067?
6
What is the tens digit of 26604279?
7
What is the tens digit of 532582693?
9
What is the hundreds digit of 2763186274?
2
What is the hundred thousands digit of 129574696?
5
What is the units digit of 61252723?
3
What is the ten millions digit of 39126691?
3
What is the tens digit of 483708192?
9
What is the units digit of 69539998?
8
What is the hundreds digit of 73988638?
6
What is the ten millions digit of 737151182?
3
What is the millions digit of 154657230?
4
What is the hundred millions digit of 497580297?
4
What is the tens digit of 551443166?
6
What is the thousands digit of 2697476314?
6
What is the hundred millions digit of 5269619195?
2
What is the thousands digit of 5818447915?
7
What is the millions digit of 266001005?
6
What is the tens digit of 160062390?
9
What is the hundred thousands digit of 31541979?
5
What is the hundreds digit of 1756060649?
6
What is the hundred thousands digit of 515685407?
6
What is the ten millions digit of 45429579?
4
What is the thousands digit of 62702623?
2
What is the thousands digit of 2728788064?
8
What is the hundred thousands digit of 1418959725?
9
What is the ten thousands digit of 3581654241?
5
What is the tens digit of 13612914?
1
What is the units digit of 1121491753?
3
What is the millions digit of 268467887?
8
What is the hundred thousands digit of 223588156?
5
What is the tens digit of 86719522?
2
What is the hundreds digit of 1178603552?
5
What is the thousands digit of 247090486?
0
What is the units digit of 38953553?
3
What is the hundred millions digit of 169529197?
1
What is the ten thousands digit of 148794754?
9
What is the millions digit of 1317859474?
7
What is the hundreds digit of 823944972?
9
What is the hundred millions digit of 1449347107?
4
What is the hundred millions digit of 3515101650?
5
What is the hundred millions digit of 213378998?
2
What is the hundred thousands digit of 229700706?
7
What is the units digit of 1235748371?
1
What is the ten millions digit of 134836538?
3
What is the ten millions digit of 303473201?
0
What is the thousands digit of 3051328543?
8
What is the ten millions digit of 73539322?
7
What is the billions digit of 1730157660?
1
What is the hundred thousands digit of 618850914?
8
What is the ten millions digit of 61876095?
6
What is the ten millions digit of 1712950980?
1
What is the hundred millions digit of 1804581375?
8
What is the hundreds digit of 3986349?
3
What is the tens digit of 240653792?
9
What is the millions digit of 157031984?
7
What is the ten millions digit of 92932948?
9
What is the hundred thousands digit of 170559037?
5
What is the thousands digit of 465526112?
6
What is the units digit of 1441702913?
3
What is the ten millions digit of 3187703499?
8
What is the ten millions digit of 262129099?
6
What is the tens digit of 115405740?
4
What is the hundred thousands digit of 1198856416?
8
What is the hundreds digit of 188420718?
7
What is the ten millions digit of 234477632?
3
What is the ten thousands digit of 608103385?
0
What is the millions digit of 2232466186?
2
What is the ten thousands digit of 66480121?
8
What is the thousands digit of 334954563?
4
What is the thousands digit of 944868090?
8
What is the units digit of 577314708?
8
What is the thousands digit of 228561660?
1
What is the millions digit of 168998205?
8
What is the millions digit of 67752931?
7
What is the units digit of 130878099?
9
What is the units digit of 879605165?
5
What is the units digit of 451871133?
3
What is the hundreds digit of 724635895?
8
What is the thousands digit of 205298?
5
What is the millions digit of 6783941?
6
What is the billions digit of 2079540479?
2
What is the hundred millions digit of 117205519?
1
What is the billions digit of 1623806021?
1
What is the tens digit of 86872061?
6
What is the hundred millions digit of 800766224?
8
What is the millions digit of 2660247636?
0
What is the thousands digit of 170171234?
1
What is the ten thousands digit of 75425355?
2
What is the ten millions digit of 1066719175?
6
What is the ten millions digit of 43278182?
4
What is the hundred thousands digit of 77068834?
0
What is the units digit of 17880154?
4
What is the hundred thousands digit of 43626476?
6
What is the hundreds digit of 93771435?
4
What is the tens digit of 110954850?
5
What is the ten millions digit of 5359573990?
5
What is the hundreds digit of 263012284?
2
What is the hundreds digit of 259504034?
0
What is the ten millions digit of 4790134897?
9
What is the tens digit of 72554555?
5
What is the ten thousands digit of 317028696?
2
What is the ten millions digit of 3854417922?
5
What is the millions digit of 408087723?
8
What is the units digit of 44070802?
2
What is the ten thousands digit of 1039862266?
6
What is the ten thousands digit of 249917879?
1
What is the hundred millions digit of 326308013?
3
What is the millions digit of 25260343?
5
What is the hundreds digit of 69400114?
1
What is the ten millions digit of 1249698677?
4
What is the hundred thousands digit of 2980999040?
9
What is the hundred thousands digit of 2515902678?
9
What is the ten millions digit of 222995049?
2
What is the hundreds digit of 402478599?
5
What is the millions digit of 4344897?
4
What is the tens digit of 37396902?
0
What is the units digit of 43667973?
3
What is the billions digit of 4529049818?
4
What is the units digit of 4150666418?
8
What is the ten millions digit of 42895484?
4
What is the hundred millions digit of 287878304?
2
What is the hundred thousands digit of 330041829?
0
What is the millions digit of 2321263986?
1
What is the hundred thousands digit of 35977920?
9
What is the thousands digit of 53778967?
8
What is the hundred thousands digit of 2494367073?
3
What is the tens digit of 67235167?
6
What is the millions digit of 70127786?
0
What is the hundred thousands digit of 165641421?
6
What is the thousands digit of 1294619793?
9
What is the ten thousands digit of 74848211?
4
What is the units digit of 145737793?
3
What is the tens digit of 3235390?
9
What is the thousands digit of 722512885?
2
What is the tens digit of 662078405?
0
What is the millions digit of 1993276462?
3
What is the tens digit of 966002838?
3
What is the millions digit of 25357045?
5
What is the ten millions digit of 58191538?
5
What is the ten thousands digit of 28061176?
6
What is the units digit of 6019400?
0
What is the ten thousands digit of 655459006?
5
What is the ten thousands digit of 95423373?
2
What is the millions digit of 10940537?
0
What is the units digit of 67346824?
4
What is the thousands digit of 27047155?
7
What is the millions digit of 1948646514?
8
What is the ten millions digit of 444582550?
4
What is the ten thousands digit of 39469348?
6
What is the thousands digit of 68085024?
5
What is the tens digit of 68753285?
8
What is the millions digit of 26894155?
6
What is the millions digit of 239785409?
9
What is the hundreds digit of 419074132?
1
What is the ten thousands digit of 184183867?
8
What is the hundred thousands digit of 462269904?
2
What is the thousands digit of 1325807373?
7
What is the tens digit of 509100800?
0
What is the units digit of 1852022359?
9
What is the tens digit of 857721355?
5
What is the ten millions digit of 4468182113?
6
What is the hundred thousands digit of 35410958?
4
What is the millions digit of 106188369?
6
What is the ten thousands digit of 369549898?
4
What is the ten millions digit of 1393368986?
9
What is the ten millions digit of 1109964424?
0
What is the tens digit of 190649248?
4
What is the hundreds digit of 253764935?
9
What is the hundred milli